01302310322
In base 8, what is -1464144 - -7?
-1464135
In base 5, what is 34 + -204044?
-204010
In base 11, what is -19a - -10a3?
a04
In base 6, what is -103 + -34404?
-34511
In base 3, what is 100102222 + -12?
100102210
In base 5, what is 10 + -11343304?
-11343244
In base 13, what is 18 - -10111?
10129
In base 15, what is 1b347 + -3?
1b344
In base 2, what is -10000101000100111011100 - 101?
-10000101000100111100001
In base 2, what is 101111111 + 10001101000?
10111100111
In base 16, what is 5 - 3504e?
-35049
In base 12, what is 198 + -860?
-684
In base 16, what is 4c52e - 4?
4c52a
In base 6, what is -2 - -205454?
205452
In base 9, what is -1322053 + 3?
-1322050
In base 4, what is 11021 + -301210?
-230123
In base 5, what is 1012 - 202?
310
In base 4, what is 13123202 - -3?
13123211
In base 16, what is 24f5f - -6?
24f65
In base 3, what is 1021011010 - -10021?
1021021101
In base 13, what is 4 + -69b3?
-69ac
In base 7, what is 351 + 41453?
42134
In base 10, what is 109 + 24?
133
In base 3, what is -10022 - -100020100?
100010001
In base 2, what is -10111001001 + 11110100?
-10011010101
In base 6, what is -44333 - 41?
-44414
In base 2, what is 1000 + 1010101110101001?
1010101110110001
In base 11, what is -13425a3 + 1?
-13425a2
In base 9, what is -1 + 5201?
5200
In base 13, what is -677 - b7?
-761
In base 6, what is 211024 + -4?
211020
In base 8, what is 662 - -4171?
5053
In base 2, what is -101101 + 1111111010?
1111001101
In base 5, what is -313043340 + -10?
-313043400
In base 2, what is 111100011100100 + -10011?
111100011010001
In base 12, what is -133b2 + -7?
-133b9
In base 10, what is 494565 - -4?
494569
In base 10, what is -1303 + 3?
-1300
In base 12, what is -1 - 32aa?
-32ab
In base 2, what is 1101000100110 + -1011100?
1100111001010
In base 6, what is 434552 - 11?
434541
In base 6, what is -11 - -15133?
15122
In base 7, what is -1604 + 320?
-1254
In base 15, what is -d - b5a?
-b68
In base 3, what is -2001110 - 1?
-2001111
In base 16, what is 10e - 8c5?
-7b7
In base 4, what is -1 + 123321103?
123321102
In base 15, what is 5 - -15ee3?
15ee8
In base 15, what is 15 - -108d4?
108e9
In base 6, what is -202402 - 1?
-202403
In base 8, what is -23 - -5436?
5413
In base 2, what is -100 - -1111001010001?
1111001001101
In base 15, what is -a127 + -5?
-a12c
In base 13, what is 139964 + -3?
139961
In base 7, what is 24634463 - 0?
24634463
In base 16, what is -36 - -105?
cf
In base 5, what is 30000403 - -2?
30000410
In base 11, what is -29835 + 4?
-29831
In base 2, what is 1000001100110 + -1100010110?
110101010000
In base 8, what is -1 - 41267?
-41270
In base 10, what is -93 - -2351?
2258
In base 5, what is -31433 - 143?
-32131
In base 14, what is 90582 - -7?
90589
In base 6, what is -45 + -40552?
-41041
In base 6, what is -321 - -4344?
4023
In base 15, what is 151 + d0?
231
In base 10, what is -39 - 20672?
-20711
In base 3, what is -22 + -2110112?
-2110211
In base 9, what is 370 - -2182?
2562
In base 7, what is -235 - 42121?
-42356
In base 6, what is 114 + 3521?
4035
In base 8, what is 74065 - -60?
74145
In base 12, what is 4 + 198267?
19826b
In base 10, what is 882 - -5?
887
In base 5, what is -103 - -24020?
23412
In base 3, what is 10020 + -20222?
-10202
In base 15, what is b084 + 0?
b084
In base 5, what is 2 - 244440?
-244433
In base 5, what is 1333303 + 3?
1333311
In base 6, what is 1030430 + 5?
1030435
In base 12, what is 4 + 8587?
858b
In base 15, what is -5 + a7b3?
a7ad
In base 5, what is 3302 + 23104?
31411
In base 15, what is -a0 - -1c2?
122
In base 9, what is 16273 - 18?
16254
In base 11, what is -220 + -976?
-1096
In base 6, what is -132 + 42345?
42213
In base 4, what is -2221233 + -110?
-2222003
In base 12, what is 43 + -359?
-316
In base 13, what is -1561 + -218?
-1779
In base 11, what is 2004 - 447?
1668
In base 5, what is -2431121 + 32?
-2431034
In base 7, what is 3636341 - 3?
3636335
In base 12, what is 719b + 2?
71a1
In base 13, what is -47a102 + -3?
-47a105
In base 9, what is -5 + -2473?
-2478
In base 3, what is 212 + 12011112?
12012101
In base 6, what is -1 + 510?
505
In base 14, what is 0 + -10a8?
-10a8
In base 9, what is -8 - -13732?
13723
In base 2, what is 1011101000101 + 1110101?
1011110111010
In base 5, what is 10023 + -3200?
1323
In base 2, what is -101101001001100 - 111110?
-101101010001010
In base 14, what is 128a1 + -5?
1289a
In base 12, what is -13 - 1160?
-1173
In base 8, what is -32545 - 3?
-32550
In base 15, what is -26920d - -2?
-26920b
In base 3, what is -1222 + -10000122?
-10002121
In base 11, what is 4 + -93267?
-93263
In base 2, what is -1000010011111101001001 - -1?
-1000010011111101001000
In base 14, what is 4d6 + -4d?
487
In base 8, what is 62 - 134?
-52
In base 6, what is 1 + 50402?
50403
In base 2, what is -1101110101101011 + 100?
-1101110101100111
In base 5, what is -142 + 4442?
4300
In base 7, what is -11632 - 503?
-12435
In base 8, what is -3 + -437560?
-437563
In base 7, what is -26 - -633352?
633323
In base 2, what is -10000110000111 + 110110?
-10000101010001
In base 3, what is 1 + -1011022021?
-1011022020
In base 6, what is 0 + -2022213?
-2022213
In base 6, what is -5212122 + -1?
-5212123
In base 6, what is -3453 - 153?
-4050
In base 7, what is -2 + -10136220?
-10136222
In base 8, what is 15346 - -5?
15353
In base 5, what is -122322 + 122?
-122200
In base 15, what is 7d - -37?
b5
In base 16, what is -1c + -1c23?
-1c3f
In base 8, what is 43257 - 2?
43255
In base 8, what is 3 - -50164?
50167
In base 13, what is 7952 - 4?
794b
In base 6, what is -15545 + -125?
-20114
In base 14, what is 83 + 206?
289
In base 6, what is -1042553 - -1?
-1042552
In base 9, what is 2374 - 340?
2034
In base 15, what is 5389 + 4?
538d
In base 16, what is 220cbf + 2?
220cc1
In base 6, what is -24022 - 340?
-24402
In base 8, what is 15 + 150026?
150043
In base 7, what is -1133 + 12551?
11415
In base 12, what is -9a303 - 1?
-9a304
In base 15, what is -117 - 180b?
-1923
In base 12, what is 5 - -240b5?
240ba
In base 4, what is 21 - 2113130?
-2113103
In base 8, what is 240 + -711?
-451
In base 9, what is 18 + -262382?
-262363
In base 7, what is 0 - 11320322?
-11320322
In base 9, what is 142580 - -4?
142584
In base 9, what is -1300463 - 3?
-1300466
In base 10, what is -15237 + -152?
-15389
In base 11, what is -8 + 2788?
2780
In base 15, what is bc6bb - 3?
bc6b8
In base 10, what is 1 - -226262?
226263
In base 5, what is 4244 + 2222?
12021
In base 14, what is 210b + -2?
2109
In base 12, what is 271552 - -5?
271557
In base 7, what is 2004523 - 1?
2004522
In base 4, what is -1 - 2220130101?
-2220130102
In base 9, what is 10223 - 38?
10174
In base 6, what is -4 + 12322001?
12321553
In base 2, what is 10 - 11100011000101100001?
-11100011000101011111
In base 14, what is 1172 - 41?
1131
In base 4, what is -210313030 - -1?
-210313023
In base 10, what is -50 - 934?
-984
In base 16, what is 5eee4 + -5?
5eedf
In base 5, what is 4 + -1044314?
-1044310
In base 7, what is -4 + 3630566?
3630562
In base 7, what is -1610 + -203?
-2113
In base 13, what is -38535 + -5?
-3853a
In base 8, what is -322 - -450?
126
In base 11, what is 4 - a6a7?
-a6a3
In base 5, what is -113 - -1130232?
1130114
In base 14, what is -1ab - 13b?
-308
In base 6, what is -21351555 + -2?
-21352001
In base 16, what is 14 + -bec8?
-beb4
In base 5, what is 4 + 333243?
333302
In base 8, what is 557743 - 4?
557737
In base 6, what is 4 + -203052?
-203044
In base 9, what is -5 + 75206?
75201
In base 6, what is 25 - -141130?
141155
In base 10, what is 22950 - 4?
22946
In base 2, what is -100010110011100001 - 0?
-100010110011100001
In base 10, what is -2 + -3738?
-3740
In base 3, what is 1120010011 - -10?
1120010021
In base 10, what is -4 + 90608?
90604
In base 13, what is -15b3b + -5?
-15b43
In base 14, what is -772 + 134?
-63c
In base 3, what is -111001 - 1001122?
-1112200
In base 15, what is -2 - 1c475?
-1c477
In base 16, what is 3982 - -1?
3983
In base 5, what is -3 - 2024120?
-2024123
In base 11, what is -1 - -3a71?
3a70
In base 6, what is 15 - -132524?
132543
In base 7, what is 24612 - 4?
24605
In base 4, what is 2313 - 10221?
-1302
In base 14, what is -42a3d - -2?
-42a3b
In base 2, what is -100 + -10110001000111100101?
-10110001000111101001
In base 9, what is -406 - -83?
-313
In base 10, w